ppose -20 = w + 3*w. Let f = w + y. List the prime factors of f.
7
Let b = 5 + -9. Let x = 11 + b. What are the prime factors of x?
7
Suppose -r - 10 = r, 24 = d - r. Suppose 103 = 4*b + d. What are the prime factors of b?
3, 7
Suppose -3*d = 3*n - 9, -n - 4*n + 15 = 4*d. Suppose d = -4*m + 4*y + 36, -18 = -2*m - 0*y + 4*y. List the prime factors of m.
3
Let t(j) = -j + 3. Let r be t(-5). Let n(d) = -d**3 - 4*d**2 + 7*d. Let w be n(-6). List the prime factors of (r/(-10))/((-4)/w).
2, 3
Suppose 5*u - 9 = i + 10, 0 = -4*u + 3*i + 24. Suppose -4*j - u*f = -165, 140 = 3*j - 3*f + 2*f. What are the prime factors of j?
3, 5
Suppose -3*s - c - 2 = 0, 0 = 6*c - c - 20. Let j = s + 17. List the prime factors of j.
3, 5
Suppose 2*o + 5*f - 144 = 0, 0 = 3*o + 2*f - 274 + 69. Suppose 4*d - o = -2*v - v, 82 = 5*d + 2*v. Let l = d + -8. What are the prime factors of l?
2
What are the prime factors of (1 - 2)/(9/(-1251))?
139
What are the prime factors of (17 - (-3 - -2)) + 1*-1?
17
What are the prime factors of (3/4)/(2/48)?
2, 3
Let i(a) = a**3 + 14*a**2 - 14*a + 19. Suppose -4*w = 4*s + 93 - 13, 4*s + 20 = 0. What are the prime factors of i(w)?
2
Let j be ((-24)/2)/(2/(-14)). Let v = j + -46. List the prime factors of v.
2, 19
Let s(f) = f**3 + 5*f**2 - 2*f - 5. Let h be s(-5). Let y = h - 5. Suppose u + 3*u - 20 = y. What are the prime factors of u?
5
Let y be (-4)/(-14) + (-19)/(-7). Suppose -5*s = 2*m + 14, -m - 5 - y = 3*s. List the prime factors of ((-1)/s)/((-2)/(-20)).
5
Let o(j) = -j**3 - 3*j**2 + 2*j + 4. Let l(m) be the first derivative of m**2/2 - 2*m - 1. Let q be l(-2). List the prime factors of o(q).
2, 3
Let f(n) = 202*n - 2. Let l be f(1). Suppose 5*w = -a + l, -31 = -w - 3*a + 9. What are the prime factors of w?
2, 5
Suppose -2*s + 0*s = -254. What are the prime factors of s?
127
Suppose 15*c - 1832 = 253. What are the prime factors of c?
139
Let j = -252 + 581. List the prime factors of j.
7, 47
Suppose 0 = 5*h - 153 + 48. Suppose h + 6 = 3*g. What are the prime factors of g?
3
Let z = 19 - 4. Let y be (-6)/z + 7/5. What are the prime factors of (-2)/(y/((-7)/2))?
7
Suppose q + 2*q - 2*w - 138 = 0, 0 = -w. List the prime factors of q.
2, 23
Let s(a) = -2*a. Let z be s(3). Let m = z - -13. List the prime factors of m.
7
Suppose 0 = 5*n - n - 8. What are the prime factors of n - (2 - 3) - -2?
5
Let k be (-66)/(-18) + (-1)/(-3). Suppose -u - k*n + 0 = -25, -3*u + 3*n = 0. Suppose 0 = 3*o - 4*g + 2, 0 = -3*o + u*g - 1 - 3. List the prime factors of o.
2
Let c(x) = x**3 - 4*x**2 + 4*x + 1. Let t be c(3). Suppose 4*s - 1 = -t*n + 15, -31 = -4*n - s. Let v = 15 - n. What are the prime factors of v?
2, 3
Suppose -6 = m - 5*a - 26, 20 = -3*m - a. Let d = -7 - -3. What are the prime factors of (d/m)/((-6)/(-15))?
2
Let t(q) = -q**2 - 5*q + 2. Let g be t(-6). Let c = 1 - g. Let f(l) = l**2 - 5*l + 5. What are the prime factors of f(c)?
5
What are the prime factors of 872/(-2)*(-7)/14?
2, 109
Let b = 6 + -4. Suppose -j = -b*j + 24. Suppose 4*r - j - 4 = 0. What are the prime factors of r?
7
Suppose 0 = -3*h + 19 - 4. Suppose -h*j - d = -29, 5*j = -2*d - d + 37. Suppose 3*w + 20 = 2*r + w, 4*r - j*w = 41. What are the prime factors of r?
3
Suppose -9*q = -6*q - 138. List the prime factors of q.
2, 23
Let u = 2 + 1. Suppose -2*j + 6*j = u*v + 111, 3*j = v + 77. Suppose 0 = -2*l - l + j. List the prime factors of l.
2
Suppose 0 = 13*h - 17*h + 612. What are the prime factors of h?
3, 17
Let l(x) = -x + 9. Let y be l(6). Suppose -21 = -2*w + y*d - 5, 3*w + 3*d = 39. List the prime factors of w.
11
List the prime factors of ((32 - 3) + -3)*(-2)/(-4).
13
Let c = -62 - -143. List the prime factors of c.
3
Let m(v) = 2*v + 45. List the prime factors of m(26).
97
Let b(w) = 14*w**2 + w - 2. List the prime factors of b(-2).
2, 13
Let o = -25 + 27. Suppose 0 = 4*g - 3*c - 39, -25 = o*c + 3*c. List the prime factors of g.
2, 3
Let f(h) = 2*h**2 + 0 + 5*h + 5 - 2 + 2. List the prime factors of f(-4).
17
Let l(b) be the second derivative of b**5/20 + b**3/6 + b**2/2 + 2*b. Let w be l(-1). List the prime factors of 6 + (0 + 1 - w).
2
Let q(f) be the second derivative of f**6/720 + 3*f**5/40 + f**4/4 + 3*f. Let g(v) be the third derivative of q(v). What are the prime factors of g(-6)?
3
Let c be (-13)/7 + 2 + 237/7. Suppose -t + 2*t = -11. Let d = t + c. List the prime factors of d.
23
Suppose -b - 8 + 79 = 0. What are the prime factors of b?
71
Let n = -4 - 0. Let u(q) = -q + 2. Let z be u(n). Let t = z + 2. List the prime factors of t.
2
Let z = 50 + 20. List the prime factors of z.
2, 5, 7
Suppose -5*q = -29 - 91. Let g = -17 + q. List the prime factors of g.
7
Suppose f - 2*f + 8 = 0. Let b(t) = -t**2 + 12*t - 10. What are the prime factors of b(f)?
2, 11
Let d be 36/(-1*(2 + -3)). Suppose 5*o + 3*l - 7 - d = 0, 5*o - 36 = 4*l. What are the prime factors of o?
2
Let g be 10/4 + 3/6. Suppose -5*t = 9 - 29. Suppose 8 + t = g*h. What are the prime factors of h?
2
Let w = -5 - -11. Suppose 0 = 4*g - 3*t + 40 - 205, 2*g - 69 = -3*t. Suppose w*h - g = 3*h. List the prime factors of h.
13
Let b(l) = 3*l + 9. List the prime factors of b(4).
3, 7
Let a = 3 - -3. Suppose -d + a = -9. Suppose -r = m - 10, 0 = -2*m - m + d. What are the prime factors of r?
5
Let c = 364 + -244. What are the prime factors of c?
2, 3, 5
Let k = 2 - -2. Suppose -47 - 13 = -k*u. List the prime factors of u.
3, 5
Let b(o) be the second derivative of o**5/10 - o**4/12 + o**3/3 - o**2 + o. Let z = -2 - -4. List the prime factors of b(z).
2, 7
Suppose -3*h + 8 = -h. Suppose 0 = h*z + 5*c - 17, -3*z + 38 = z - 2*c. What are the prime factors of z?
2
Suppose -5*f = -4*f - 42. What are the prime factors of f?
2, 3, 7
Suppose 5*q - 7*q - 16 = 0. Let j be (q/(-6))/((-16)/(-24)). Let x(n) = 9*n + 1. List the prime factors of x(j).
19
Let d = 19 - 8. List the prime factors of d.
11
Suppose 216 = 4*t - f, -2*f - 22 = -t + 32. Let a = 82 - t. Suppose -2*q - 5*r = -15, 3*q + 2*q - a = -3*r. List the prime factors of q.
5
Let l = -3 + 5. Suppose -3*q + 13 = -4*j, 5*j = l*j + 6. What are the prime factors of q?
7
Suppose f - 4*y + 1 = 0, 0 = 2*f + 4*y - 5*y - 5. Suppose -13 - 2 = -f*v. Suppose -v*z = -35 - 60. List the prime factors of z.
19
Suppose 3*x - 365 = -2*x. List the prime factors of x.
73
What are the prime factors of 8/(-36) + (-3)/(27/(-155))?
17
Suppose 2*i - 150 = -44. List the prime factors of i.
53
List the prime factors of (435/(-116))/(1/(-56)).
2, 3, 5, 7
Let p(b) = b**2 + b. Let i(r) = -r**2 + 4*r + 7. Let k(d) = -i(d) - 2*p(d). Let h be k(-6). Let y = h + 18. List the prime factors of y.
11
Let b be 1/(-2) - (-1)/(-2). Let x be 6/(-1)*b/2. List the prime factors of (0 + x - -10) + -2.
11
Let t be (0 + 0)/4 + -19. Let p = 49 + t. What are the prime factors of p?
2, 3, 5
Let d(t) = 2*t**2 + t - 39. List the prime factors of d(-13).
2, 11, 13
Let r(y) = 2*y**2 - 6*y - 11. What are the prime factors of r(-8)?
3, 5, 11
Suppose 4*s - 166 = 362. What are the prime factors of s?
2, 3, 11
What are the prime factors of (14/(-6))/(-7)*(-1506)/(-2)?
251
What are the prime factors of (-2177)/(-35) + 4/5?
3, 7
Suppose -4*b = -3*b - 4. What are the prime factors of b?
2
Suppose 0 = 4*k + 2*k - 444. List the prime factors of k.
2, 37
Suppose 3*k - k + 10 = 0. Let p = 6 + k. List the prime factors of 33/9*3/p.
11
Let x(j) = j**2 - 3*j - 5. Let w be x(4). Let m = 22 + w. List the prime factors of m.
3, 7
Let y be -1 + -4*1/(-4). List the prime factors of 4 - -5*(y - -8).
2, 11
Suppose -2*j + 10 = -4*m, -3*j - 3 = 4*m + 2*j. Let u be ((-2)/3)/(m/(-30)). What are the prime factors of 0 - (0 + u/2)?
5
Let s(g) = g**3 - g**2. Let y be s(2). Let m = -2 + y. Suppose -5*a + 33 = m*f, -2*a + 0*a + 5*f - 10 = 0. List the prime factors of a.
5
Suppose r - 149 = -5*a, 2*a = -2*a - 2*r + 118. Suppose -5*k - 2*s = -17, -5*s = -0*k - 2*k + a. What are the prime factors of k?
5
Suppose -4*v = 3*p - 74, 3*v - 57 = -0*v - 3*p. What are the prime factors of v?
17
Suppose 4*y + 8 = 5*x + 3, 3*x - 30 = -3*y. List the prime factors of x.
5
Let v = -52 - -117. List the prime factors of v.
5, 13
Let j = -6 - -7. What are the prime factors of (-104)/(-6) - j/3?
17
Suppose -14 = 3*f - 2. Let h be f/22 - (-134)/11. Suppose -h